se 7189 + 1081 = 5*b. List the prime factors of b.
2, 827
Let y be 2/20*5*0. Let x(o) = -4 - 8*o + o + 0*o + y*o. List the prime factors of x(-7).
3, 5
Let d be (4 + 0 - 6) + 2. Suppose -5*g + 3*g = 2, d = 5*h + g - 94. List the prime factors of h.
19
Let t = 243 - -320. List the prime factors of t.
563
Suppose -7*w = -22*w - 6*w. Suppose w = 10*l + 3*l - 182. What are the prime factors of l?
2, 7
Let b(y) = y**3 - 8*y**2 + 7*y + 8. Let o(a) = -a**2 + 10*a + 7. Let m be o(10). Let q be b(m). What are the prime factors of q/(-2)*(-1139)/68?
67
Suppose -5*d = 13*f - 8*f - 9815, 2*d = 5*f - 9815. List the prime factors of f.
13, 151
Let h be -1*((-2)/(-8) - (-332)/16). What are the prime factors of h/(-2)*272/24?
7, 17
Suppose w - 5*h - 11 = -2*h, 0 = 3*w + 2*h. Suppose w = o + 4*s, -3*s = -o - 3 - 23. Let i = o - -27. What are the prime factors of i?
13
What are the prime factors of (0 - -6)/(-30) + 25455/25?
2, 509
Let t(g) = 2*g**2 + 6*g + 4. Let p be t(-5). Suppose -4*n - 4*w + 0*w - p = 0, n = -2*w - 2. Let u = n + 20. What are the prime factors of u?
2, 5
Let n(c) = -c**3 - 5*c**2 - 4*c + 1. Let b be n(-4). Suppose -2*s + 29 = a - 17, -3*s - 56 = -a. List the prime factors of ((-7)/(-14))/(b/a).
5
Let j be (-4)/3*(-5 - (0 + -2)). What are the prime factors of 8/(64/348)*j?
2, 3, 29
Let s(n) = -14*n - 3. Let p be s(-4). Let q = 117 - p. List the prime factors of q.
2
Let u(p) = 3*p + 35. Let d(n) be the third derivative of n**4/24 + n**3/2 + 13*n**2. Let k be d(-3). What are the prime factors of u(k)?
5, 7
Suppose 17*h - 1094 = 4227. List the prime factors of h.
313
Suppose 328 = 3*n - n. Suppose 0 = -14*y + 10*y + n. What are the prime factors of y?
41
Let b(g) be the third derivative of 0 + 9*g**2 - 1/6*g**3 + 0*g**4 + 1/15*g**5 + 0*g. List the prime factors of b(1).
3
Let o = 5 - 3. Suppose 4*z = o*z + 26. Suppose z = -l + 37. List the prime factors of l.
2, 3
Let d(x) = 215*x - 22. What are the prime factors of d(4)?
2, 419
Suppose 11520 = 376*s - 373*s. What are the prime factors of s?
2, 3, 5
Let n(s) = -s**3 - 2*s**2 - 4*s - 2. Let a be n(-2). Suppose 0 = -5*m - 4*j + 596, -4*m + 5*j + 219 = -266. Suppose -3*l + m = -a. List the prime factors of l.
2, 3, 7
Suppose -2*k + 4*u - 2*u = -74, 37 = k + 4*u. Suppose 4*c + k = 689. List the prime factors of c.
163
Let n be -1 - 0 - (9 - 17). Suppose n*c - 8*c = -86. List the prime factors of c.
2, 43
Let l be (-3)/(-5 + (-4)/(-1)). Suppose r + 50 = l*r. What are the prime factors of r/1*(3 + -2)?
5
Let x(r) = 19 + 19*r**2 + 0*r + r + 2 - 2*r**3 + 3*r**3. Let y be x(-19). What are the prime factors of (-252)/(-27)*9/y?
2, 3, 7
Suppose w = 4*y - 16, 15 = 4*y + w - 1. Suppose -y*v + 132 = -392. What are the prime factors of v?
131
Let k = -18 + 10. Let v(r) = r - 3. Let z be v(k). What are the prime factors of (-277)/z + (-8)/44?
5
Let n be (-5 - -5)/(2/(-2)). Suppose -5*d + n*d = -515. Let o = -66 + d. What are the prime factors of o?
37
Let z(v) = -19*v + 281. List the prime factors of z(-52).
3, 47
List the prime factors of (808/6)/(-5 + 187/33).
2, 101
Suppose -m - 1457 = -5*o - 504, 0 = o - 3*m - 199. What are the prime factors of o?
2, 5, 19
Let s(j) = 3197*j**3 + j**2 - 11*j + 9. List the prime factors of s(1).
2, 17, 47
Suppose 7903 + 2522 = 15*j. List the prime factors of j.
5, 139
Let k(a) = -82*a**3 + 3*a + 11. List the prime factors of k(-4).
3, 11, 53
Suppose -3*u + 7*u - 3207 = 3*n, -4*u + 5*n + 3209 = 0. What are the prime factors of u?
3, 89
Suppose c - 3*k = 88, k = -5*c + 140 + 220. Suppose -c - 42 = -g. What are the prime factors of g?
5, 23
Let t be (16/(-10))/(2/(-5)). Suppose i + 2*m = -16 - 4, t*m = 3*i + 60. Let b = i - -35. What are the prime factors of b?
3, 5
Suppose 0 = c - 2*c + 1. Let l be (-5*2/(-2))/c. Suppose -l*z + 34 = -91. List the prime factors of z.
5
Let v(f) = f**3 - 15*f**2 - f + 10. Let s be v(12). Let d = s + 302. What are the prime factors of (-5172)/d - 2/11?
3, 13
Suppose -4*i = -3*m + 9 + 35, i + m + 18 = 0. Let w be (-8 + i)*(-6)/4. Let j = w - 18. List the prime factors of j.
3, 5
Let n = -2 - 21. Let z = 25 + n. Suppose -z*o - 15 = -63. List the prime factors of o.
2, 3
Let y = 33601 + -18811. What are the prime factors of 2/6 - y/(-45)?
7, 47
What are the prime factors of -5*-914*3/30?
457
Let y = 18 - 18. Let m(j) = j**2 - 6*j - 3. Let a be m(7). Suppose -2*q + 5*i + 59 = 0, 4*q + y*i - a*i = 88. List the prime factors of q.
17
Let k(g) = 0*g**2 + 16 + 2*g**2 + 3*g**2 - 4*g**2. What are the prime factors of k(-7)?
5, 13
Let t = -7 - -7. Suppose t - 9 = -3*h. Suppose h*c + 361 = 5*s - 0*c, 150 = 2*s - 4*c. List the prime factors of s.
71
Let b = 103 + -346. Let m = b - -410. List the prime factors of m.
167
Let z = -183 - -250. List the prime factors of z.
67
Suppose k = -3*k - 24. Let g(y) = y**3 + 7*y**2 + 5*y - 4. Let m be g(k). Suppose -m = -u + 9. List the prime factors of u.
11
Let i(v) = 8*v + 219. Let y(l) = 8*l + 219. Let k(c) = -4*i(c) + 5*y(c). List the prime factors of k(0).
3, 73
Suppose 2*k + 54 = 64. What are the prime factors of (4 - k)*(-57 - 2)?
59
Suppose -3*a = -5*v - 0*a + 91, -4*v = a - 83. Suppose 3*p - 4*c - v = 70, -46 = -p - 4*c. List the prime factors of p.
2, 17
Let c = 14 - 12. Let h be 1 + -1 + 6/c. Suppose 0 = -w - h + 1, 4*w = -3*o + 67. What are the prime factors of o?
5
Suppose 0 = 2*k + 3*a - 9669, -2*k = -4*a - 2987 - 6647. List the prime factors of k.
3, 1609
Let o be ((-9 - -3)*-1)/2. Suppose 5*z = -3*i + 46, -o*z - 10 = -5*i + 44. What are the prime factors of i?
2, 3
Suppose -5*l - 40 = -3*g, -2*l = 2*g - 0*l. Let v(p) = 13*p - 1. Let t be v(g). Suppose t = f + f. List the prime factors of f.
2
Let t be (3 - 2) + (11 - 2). Let n(b) be the second derivative of b**4/12 - 5*b**3/6 - 6*b**2 + 54*b. What are the prime factors of n(t)?
2, 19
Suppose 3*u - 4*j + j - 6243 = 0, -2*u = 4*j - 4180. What are the prime factors of u?
2, 521
Suppose 11 = 4*x - 17. Let j = 12 - x. Let u = 26 - j. List the prime factors of u.
3, 7
Let x = -2636 + 3873. What are the prime factors of x?
1237
List the prime factors of 4/(-9) + (-96694)/(-117).
2, 7, 59
Suppose 4*u = 8*u + 2*w + 756, 752 = -4*u - 3*w. Let i = 387 + u. List the prime factors of i.
2, 7
Let r = 68 + 4957. What are the prime factors of r?
3, 5, 67
Suppose 0 = 3*g + 2*s + 1, 4*g - 34 = g + 5*s. Let h(b) = 5 + 13*b - 2 - 1 - 7*b. List the prime factors of h(g).
2, 5
Suppose -650 = -6*s + s. Suppose 3*z - 2*u = 24 + s, 5*z + 5*u = 265. List the prime factors of z.
2, 13
Let w = 8 - -6. Suppose -3*q = -15, 4*q = 2*p + p + w. Suppose 25 = p*n - 17. What are the prime factors of n?
3, 7
Suppose 0 = 5*l - 0*l. Suppose -5*v = -2*j + 544, -5*j + v - 486 + 1869 = l. List the prime factors of j.
277
Suppose 16 = 5*u - 174. Suppose -172 = -u*d + 34*d. What are the prime factors of d?
43
Let n = 160 - -259. What are the prime factors of n?
419
Let j(k) = -k**2 + 11*k - 21. Let q be j(8). Suppose 176 = q*l + 11. What are the prime factors of l?
5, 11
Let y = 1311 + -888. List the prime factors of y.
3, 47
Suppose 3*i + 1 = -2*w + 9, 4*w = 4*i + 16. Suppose w*k + 4*f = 564, -k - f + 135 = 3*f. List the prime factors of k.
11, 13
Let k = -261 - -556. What are the prime factors of k?
5, 59
Let v(p) = p - 2. Let j be v(2). Suppose 3*o = -4*m + 686, j*o + 3*m = o - 220. List the prime factors of o.
2, 113
Let s(g) = g**3 - 19*g**2 - 29*g + 13. List the prime factors of s(21).
2, 11, 13
Suppose -23*c + 3*y - 6653 = -27*c, -3*y + 3325 = 2*c. What are the prime factors of c?
2, 13
Let o be 2/(-7) - 145/7. Let i = -19 - o. Suppose -5*w + 42 = 3*p, -2*p + 5*w = -30 + i. List the prime factors of p.
2, 7
Suppose 1290 = -14*z + 29*z. List the prime factors of z.
2, 43
Let y = 4 - 1. Let l(f) = -y*f + 0 - 2 + 3. List the prime factors of l(-4).
13
Let k be 542/16 - (2 - (-34)/(-16)). Suppose -d + 6*r - 12 = r, 4*d = 2*r + 42. Let o = k + d. What are the prime factors of o?
47
Suppose -19*r = q - 18*r - 5758, 5*q = -r + 28810. What are the prime factors of q?
3, 17, 113
Suppose 0 = -51*r + 56*r - 5, 4*s + r - 261 = 0. What are the prime factors of s?
5, 13
Suppose 5*c = -2*z + 5975, 4*z + 700 = 4*c - 4108. List the prime factors of c.
3, 7, 19
Suppose -3*x = 5*m - 3, -3*x + 0*x = -m + 